mmon factor of 45428 and 88519.
41
What is the highest common divisor of 18277378 and 3794?
14
What is the highest common divisor of 5002 and 18971?
61
What is the highest common factor of 35 and 791133?
7
What is the greatest common divisor of 51720382 and 784?
98
Calculate the greatest common factor of 4034238 and 12.
6
Calculate the greatest common factor of 717674 and 2469428.
562
What is the greatest common divisor of 318090 and 2530?
230
What is the highest common factor of 320537104 and 64?
16
Calculate the highest common factor of 15385353 and 818.
409
What is the greatest common factor of 2360 and 106840?
40
Calculate the highest common divisor of 1791 and 3524562.
9
Calculate the highest common divisor of 27 and 422271.
9
What is the highest common divisor of 12168 and 74496?
24
What is the greatest common factor of 3130 and 3744732?
626
Calculate the greatest common divisor of 136 and 5577496.
136
Calculate the greatest common divisor of 8736 and 19303557.
273
What is the greatest common divisor of 36068 and 9545950?
142
What is the highest common factor of 129786180 and 1545?
1545
What is the greatest common divisor of 1167961455 and 1530?
765
What is the highest common divisor of 2444 and 1417332?
188
What is the greatest common divisor of 597 and 40162777?
199
Calculate the highest common factor of 2130 and 738897.
213
What is the highest common factor of 289 and 1698028?
17
Calculate the greatest common factor of 101683928 and 1136.
568
What is the greatest common divisor of 2350897 and 1038?
173
Calculate the greatest common divisor of 60358437 and 246.
123
What is the greatest common divisor of 801123368 and 11696?
5848
Calculate the highest common factor of 60177858 and 1482.
78
Calculate the highest common factor of 98490 and 319110.
30
Calculate the highest common divisor of 1408 and 9440992.
352
Calculate the greatest common factor of 894350 and 71300.
1550
What is the greatest common divisor of 2107614148 and 2452?
2452
What is the greatest common factor of 25425 and 29580?
15
What is the highest common divisor of 590364687 and 174?
87
What is the highest common divisor of 590127 and 72?
3
What is the greatest common divisor of 5188640 and 480?
160
What is the greatest common factor of 260726334 and 33?
33
Calculate the highest common divisor of 45326 and 47291.
131
What is the greatest common factor of 119349 and 9623910?
447
What is the greatest common factor of 27798359 and 74?
37
Calculate the highest common factor of 33641485 and 1060.
265
What is the highest common factor of 27150 and 4429050?
150
Calculate the highest common factor of 210176 and 1068992.
64
What is the greatest common factor of 232042555 and 2485?
355
Calculate the highest common divisor of 2329132 and 430144.
2444
Calculate the highest common factor of 56559510 and 17955.
315
What is the greatest common divisor of 16940 and 30716?
28
Calculate the greatest common divisor of 3792 and 663552.
48
Calculate the highest common factor of 60648 and 331464.
168
Calculate the greatest common divisor of 215 and 429619235.
215
What is the highest common factor of 48 and 5771412?
12
What is the greatest common divisor of 19630 and 3285760?
1510
Calculate the greatest common factor of 4188 and 13421880.
12
What is the greatest common divisor of 1265399 and 184781?
2339
What is the highest common factor of 1624 and 3191944?
56
What is the greatest common divisor of 209684 and 147250?
1178
Calculate the greatest common factor of 57 and 82725259.
19
What is the highest common divisor of 1215931 and 54575?
2183
What is the highest common factor of 9125 and 2342935?
365
What is the greatest common factor of 567 and 185861403?
63
Calculate the greatest common divisor of 3498 and 84722.
22
Calculate the highest common factor of 803 and 288828661.
803
Calculate the highest common factor of 1238184 and 2616.
24
Calculate the highest common factor of 331545 and 498870.
345
What is the highest common factor of 901405 and 45?
5
Calculate the greatest common factor of 8998 and 11578790.
818
What is the greatest common factor of 256928 and 10080?
224
Calculate the greatest common factor of 25356 and 3948.
12
Calculate the highest common factor of 10835 and 2651.
11
Calculate the highest common divisor of 51763 and 55067438.
1399
Calculate the highest common factor of 226989 and 99.
9
What is the greatest common divisor of 683507 and 7964?
11
What is the greatest common factor of 115032 and 13488?
24
What is the highest common divisor of 7420 and 250086860?
1060
What is the greatest common divisor of 38025 and 13039026?
507
Calculate the highest common divisor of 14383 and 7809.
19
What is the greatest common factor of 3827219 and 22?
11
Calculate the highest common divisor of 22339 and 6202677.
89
What is the greatest common factor of 346851 and 28152?
153
What is the highest common divisor of 27205 and 1280?
5
What is the highest common divisor of 4544420 and 6460?
380
What is the greatest common divisor of 525 and 129940825?
175
Calculate the greatest common factor of 47235 and 1564718.
67
Calculate the highest common factor of 2914628 and 166.
166
Calculate the greatest common factor of 541076 and 85.
17
Calculate the highest common divisor of 29767 and 468469.
289
Calculate the highest common divisor of 636938 and 2338.
334
What is the greatest common factor of 9543900 and 24134?
2194
What is the greatest common divisor of 2574 and 2538666?
234
What is the highest common divisor of 495224 and 1235176?
824
Calculate the greatest common divisor of 188540 and 408760.
220
Calculate the greatest common factor of 45974 and 22082.
362
What is the highest common factor of 623103 and 975?
39
What is the greatest common factor of 10623267 and 106?
53
What is the greatest common factor of 800128 and 13104?
112
What is the highest common divisor of 1827120 and 9522?
138
What is the greatest common factor of 1651196 and 19464?
3244
What is the highest common factor of 389110 and 305230?
2330
Calculate the highest common divisor of 216 and 3332907.
27
Calculate the highest common divisor of 63528 and 17880.
24
What is the greatest common divisor of 78900912 and 360?
72
What is the highest common divisor of 476 and 83503609?
119
What is the greatest common factor of 314096 and 3517768?
536
Calculate the highest common factor of 10667072 and 1612.
52
Calculate the highest common factor of 1679674 and 10.
2
Calculate the greatest common factor of 9334 and 58575517.
4667
Calculate the greatest common factor of 770 and 15400220.
110
Calculate the highest common divisor of 26566155 and 4510.
2255
What is the highest common divisor of 1563 and 2426160498?
1563
What is the highest common divisor of 142120 and 2915?
55
What is the highest common factor of 60134399 and 39?
13
What is the highest common factor of 539 and 18698207?
11
Calculate the highest common divisor of 7194936 and 4704.
168
What is the highest common factor of 94466 and 1049904?
634
Calculate the highest common factor of 3 and 53367459.
3
Calculate the greatest common divisor of 48224904 and 1704.
1704
Calculate the highest common factor of 164 and 404428.
4
Calculate the greatest common divisor of 1425696 and 864.
96
What is the highest common divisor of 10885 and 287?
7
Calculate the highest common divisor of 13545996 and 1184.
148
Calculate the greatest common factor of 1174 and 14782421.
587
What is the highest common divisor of 47354815 and 509?
509
Calculate the greatest common divisor of 266104982 and 572.
286
What is the highest common divisor of 254624 and 22454?
218
What is the greatest common divisor of 35195 and 60215?
5
What is the greatest common factor of 33 and 726877833?
33
Calculate the highest common factor of 106530 and 310.
10
What is the highest common factor of 2497 and 783831?
227
Calculate the highest common divisor of 6541 and 283991.
31
Calculate the highest common divisor of 88 and 33263912.
88
Calculate the greatest common divisor of 26185554 and 20517.
2931
Calculate the highest common divisor of 141 and 192351.
3
Calculate the greatest common factor of 14 and 6998390.
14
Calculate the highest common divisor of 7047015 and 135.
15
What is the highest common divisor of 5992 and 17357326?
14